e
Is 31226587 a composite number?
True
Is 1332389 composite?
False
Is 629591 composite?
False
Is 8428405 a composite number?
True
Is 23065333 a prime number?
False
Is 5273681 composite?
True
Is 304203479 prime?
True
Is 410027122 a composite number?
True
Is 95841407 prime?
True
Is 7006133 a prime number?
True
Is 1870331 a prime number?
False
Is 30066103 a prime number?
True
Is 10308847 composite?
False
Is 7107829 composite?
True
Is 3046861 composite?
True
Is 52065787 prime?
True
Is 15550715 a composite number?
True
Is 4490751 prime?
False
Is 351432371 a composite number?
False
Is 118205414 a prime number?
False
Is 9735301 prime?
False
Is 75570637 prime?
True
Is 90274 composite?
True
Is 188642119 a composite number?
False
Is 2749181 prime?
False
Is 22029731 a prime number?
True
Is 2147599 composite?
False
Is 2640241 a prime number?
False
Is 6536311 composite?
False
Is 3859257 a composite number?
True
Is 360790954 prime?
False
Is 12499951 composite?
True
Is 26180657 prime?
True
Is 52103 a composite number?
False
Is 3192227 a prime number?
True
Is 128131526 composite?
True
Is 46517173 a prime number?
False
Is 73875755 composite?
True
Is 4091 prime?
True
Is 75239 a prime number?
True
Is 704840437 composite?
True
Is 8381123 prime?
True
Is 18228761 a prime number?
False
Is 11107403 prime?
True
Is 256739891 prime?
False
Is 27284687 prime?
True
Is 540632311 a composite number?
False
Is 1240667 a prime number?
True
Is 730462231 a composite number?
False
Is 1106702 a composite number?
True
Is 86269771 composite?
True
Is 358697419 a composite number?
True
Is 9876341 composite?
False
Is 87618623 composite?
False
Is 13744271 a composite number?
True
Is 50261209 a prime number?
True
Is 3421291 composite?
True
Is 432277 prime?
True
Is 16324279 composite?
False
Is 8123543 a composite number?
False
Is 62177 a prime number?
False
Is 8575493 prime?
True
Is 11270071 a composite number?
False
Is 37930579 prime?
False
Is 183212587 prime?
False
Is 13494563 a composite number?
False
Is 965983 prime?
True
Is 139805993 a composite number?
False
Is 26837117 composite?
True
Is 11539823 prime?
False
Is 34772891 a prime number?
True
Is 15884123 a composite number?
True
Is 57957227 a prime number?
True
Is 57353 prime?
False
Is 5681003 prime?
True
Is 340547387 a composite number?
False
Is 86644463 a composite number?
False
Is 9556561 prime?
False
Is 189424721 a prime number?
False
Is 6749747 composite?
False
Is 3215029 a prime number?
False
Is 14467177 prime?
False
Is 2289373 a composite number?
True
Is 10585829 a composite number?
False
Is 321739783 composite?
False
Is 117990773 a composite number?
True
Is 677958889 a prime number?
True
Is 22243997 composite?
True
Is 32966447 prime?
False
Is 21552827 composite?
True
Is 228221261 composite?
False
Is 11144041 a composite number?
False
Is 61272181 prime?
True
Is 2901421 prime?
False
Is 255705529 a composite number?
True
Is 56934047 a composite number?
True
Is 147855013 composite?
False
Is 39176174 a prime number?
False
Is 18182837 prime?
True
Is 19100527 prime?
True
Is 4350235 a prime number?
False
Is 110652207 a prime number?
False
Is 3785443 composite?
True
Is 898579 a composite number?
True
Is 6207085 a composite number?
True
Is 124134919 a prime number?
True
Is 105459157 composite?
False
Is 2187373 prime?
False
Is 501911 a composite number?
False
Is 265530389 a prime number?
False
Is 4458523 a composite number?
True
Is 5484431 a composite number?
False
Is 825791 composite?
False
Is 185695087 a prime number?
True
Is 3202501 prime?
True
Is 5263309 a prime number?
True
Is 1026152497 prime?
True
Is 314871845 prime?
False
Is 3170039 composite?
False
Is 12070511 a composite number?
False
Is 148882 a prime number?
False
Is 45110011 prime?
True
Is 10498633 composite?
False
Is 44532443 prime?
True
Is 1070989403 a prime number?
False
Is 456938 composite?
True
Is 5149699 prime?
True
Is 13345127 a prime number?
False
Is 2702159 a composite number?
False
Is 5038970633 prime?
True
Is 1520579 prime?
True
Is 218628889 prime?
False
Is 181788491 a composite number?
False
Is 205059617 composite?
True
Is 787523 a prime number?
False
Is 503561 a composite number?
True
Is 62731 a composite number?
False
Is 1630141 a prime number?
True
Is 11305883 a prime number?
True
Is 1037053 a prime number?
True
Is 28407011 a composite number?
False
Is 19001201 a prime number?
True
Is 436457119 prime?
False
Is 4427251 a composite number?
False
Is 536808419 prime?
False
Is 5354047 prime?
True
Is 24945013 prime?
False
Is 20616647 a composite number?
False
Is 579668981 composite?
False
Is 22537129 prime?
True
Is 1696943 a prime number?
True
Is 36424093 a composite number?
True
Is 989231 prime?
True
Is 25594529 a composite number?
False
Is 2422351 composite?
False
Is 10748849 prime?
True
Is 48366985 composite?
True
Is 77629211 prime?
False
Is 11617703 a prime number?
True
Is 4329883 composite?
True
Is 975493 prime?
True
Is 21617329 composite?
False
Is 11119643 a composite number?
True
Is 54758153 composite?
True
Is 67958413 a composite number?
False
Is 156411635 composite?
True
Is 65116901 a composite number?
False
Is 1701527 prime?
True
Is 529817 a prime number?
False
Is 14123689 a composite number?
False
Is 592899929 prime?
False
Is 55143793 composite?
True
Is 2724613 composite?
True
Is 2496887 a composite number?
False
Is 38351387 composite?
False
Is 1014875717 composite?
False
Is 95828297 prime?
False
Is 2582367 a prime number?
False
Is 21923611 a prime number?
True
Is 162757 a composite number?
True
Is 946723 prime?
False
Is 23477003 composite?
True
Is 11333561 a composite number?
True
Is 23321549 composite?
False
Is 1134517 prime?
True
Is 31029069 a prime number?
False
Is 4680299 composite?
True
Is 50223683 composite?
True
Is 13242901 prime?
False
Is 60096053 a prime number?
True
Is 40754539 a composite number?
True
Is 9490637 prime?
False
Is 84263 a composite number?
False
Is 2126363 prime?
True
Is 40043189 a composite number?
False
Is 16819859 prime?
False
Is 51504379 a composite number?
False
Is 13296319 a composite number?
True
Is 6730873 a prime number?
False
Is 16335287 a composite number?
False
Is 17517631 a prime number?
False
Is 3184817 a composite number?
True
Is 22530233 prime?
False
Is 205721279 a prime number?
True
Is 4993811 a prime number?
True
Is 134653733 composite?
False
Is 18295091 a composite number?
False
Is 50413043 a prime number?
True
Is 522919 a prime number?
True
Is 11270089 a composite number?
True
Is 13861973 composite?
False
Is 459961 composite?
False
Is 913217 a composite number?
False
Is 2816453 prime?
True
Is 6838439 a prime number?
False
Is 249771127 prime?
False
Is 9334861 prime?
True
Is 10013177 composite?
True
Is 2574641 a prime number?
False
Is 1578713 a composite number?
False
Is 22235977 composite?
False
Is 596537 a composite number?
False
Is 1264787 a composite number?
False
Is 13491811 a composite number?
False
Is 21578371 a composite number?
False
Is 3141233 prime?
True
Is 28337269 composite?
True
Is 5322323 a composite number?
False
Is 55215611 prime?
False
Is 70199615 a prime number?
False
Is 54767941 a composite number?
False
Is 1177629 prime?
False
Is 29097641 prime?
True
Is 18444563 composite?
False
Is 591757183 a prime number?
True
Is 2546101 composite?
False
Is 3955069 a prime number?
True
Is 15456673 composite?
False
Is 3657518 prime?
False
Is 524383077 composite?
True
Is 6943693 a composite number?
True
Is 516700969 prime?
True
Is 6053131 prime?
False
Is 6705449 prime?
True
Is 48352441 composite?
True
Is 2827189 a prime number?
False
Is 53466197 a prime number?
True
Is 31331987 a composite number?
False
Is 33597059 composite?
False
Is 13505234 prime?
False
Is 17644273 a prime number?
True
Is 1237513 a prime number?
True
Is 97332493 prime?
True
Is 31784411 composite?
True
Is 38508467 prime?
True
Is 779927 prime?
True
Is 245155123 prime?
True
Is 22249267 a prime number?
True
Is 28267907 prime?
True
Is 3715457 a prime number?
True
Is 2630129 a composite number?
False
Is 921821 prime?
True
Is 12360563 composite?
False
Is 236530369 a composite number?
False
Is 174161501 prime?
False
Is 1869029 a prime number?
True
Is 4747121 a prime number?
True
Is 17166649 a prime number?
True
Is 296590243 composite?
False